389
What are the prime factors of 18750?
2, 3, 5
What are the prime factors of 656028?
2, 3, 18223
What are the prime factors of 86892?
2, 3, 13, 557
What are the prime factors of 2650870?
2, 5, 59, 4493
What are the prime factors of 319117?
319117
What are the prime factors of 41569750?
2, 5, 257, 647
List the prime factors of 2862048.
2, 3, 7, 4259
List the prime factors of 2412543.
3, 7, 114883
What are the prime factors of 418801?
73, 5737
List the prime factors of 450934.
2, 11, 103, 199
What are the prime factors of 15703889?
1087, 14447
List the prime factors of 278429.
29, 9601
List the prime factors of 728687.
728687
List the prime factors of 10476.
2, 3, 97
List the prime factors of 2396541.
3, 7, 17, 137
List the prime factors of 438331.
41, 10691
List the prime factors of 316999.
17, 29, 643
What are the prime factors of 8371?
11, 761
What are the prime factors of 1060749?
3, 17, 2311
What are the prime factors of 85363?
85363
What are the prime factors of 699214?
2, 41, 8527
List the prime factors of 202376.
2, 41, 617
What are the prime factors of 1959075?
3, 5, 8707
What are the prime factors of 340314?
2, 3, 13, 4363
What are the prime factors of 16340?
2, 5, 19, 43
List the prime factors of 4477994.
2, 2238997
What are the prime factors of 93186?
2, 3, 31, 167
List the prime factors of 15206.
2, 7603
What are the prime factors of 82817?
7, 11831
List the prime factors of 388787.
7, 55541
List the prime factors of 39353654.
2, 587, 33521
What are the prime factors of 779374?
2, 389687
What are the prime factors of 206559?
3, 59, 389
What are the prime factors of 1498138?
2, 749069
What are the prime factors of 18297531?
3, 7, 41491
What are the prime factors of 1993003?
997, 1999
What are the prime factors of 1695001?
7, 11, 22013
What are the prime factors of 5942194?
2, 167, 17791
What are the prime factors of 890631?
3, 7, 67, 211
What are the prime factors of 411065?
5, 19, 4327
List the prime factors of 13624.
2, 13, 131
What are the prime factors of 1917330?
2, 3, 5, 79, 809
List the prime factors of 13875914.
2, 13, 61, 673
List the prime factors of 4308373.
647, 6659
What are the prime factors of 139441?
19, 41, 179
List the prime factors of 863506.
2, 7, 37, 1667
List the prime factors of 33032967.
3, 11, 1000999
List the prime factors of 666707.
666707
What are the prime factors of 212448?
2, 3, 2213
List the prime factors of 94696.
2, 7, 19, 89
List the prime factors of 39346.
2, 103, 191
What are the prime factors of 1939867?
1939867
List the prime factors of 290.
2, 5, 29
What are the prime factors of 10343754?
2, 3, 191551
List the prime factors of 263003.
13, 20231
List the prime factors of 12613.
12613
List the prime factors of 82679.
29, 2851
What are the prime factors of 4874719?
31, 67, 2347
What are the prime factors of 308651?
7, 6299
What are the prime factors of 344871?
3, 53, 241
What are the prime factors of 2666150?
2, 5, 53323
List the prime factors of 542599.
542599
What are the prime factors of 1546939?
1546939
List the prime factors of 725797.
43, 16879
What are the prime factors of 582530?
2, 5, 13, 4481
List the prime factors of 7236.
2, 3, 67
List the prime factors of 5165794.
2, 2582897
What are the prime factors of 18923488?
2, 71, 8329
List the prime factors of 8678143.
17, 631, 809
List the prime factors of 5636253.
3, 7, 311, 863
List the prime factors of 1634882.
2, 37, 22093
What are the prime factors of 9757138?
2, 1103, 4423
List the prime factors of 10346955.
3, 5, 689797
What are the prime factors of 8135131?
8135131
List the prime factors of 400663.
257, 1559
What are the prime factors of 2594550?
2, 3, 5, 7, 353
What are the prime factors of 272520?
2, 3, 5, 757
List the prime factors of 165134.
2, 82567
List the prime factors of 57983.
23, 2521
What are the prime factors of 109104?
2, 3, 2273
What are the prime factors of 16901394?
2, 3, 2816899
What are the prime factors of 2241992?
2, 280249
What are the prime factors of 2473237?
13, 190249
List the prime factors of 5985537.
3, 233, 8563
List the prime factors of 208818.
2, 3, 1289
List the prime factors of 2877291.
3, 319699
What are the prime factors of 2403804?
2, 3, 13, 19, 811
What are the prime factors of 4649348?
2, 11, 105667
List the prime factors of 1120522.
2, 13, 71, 607
List the prime factors of 1050259.
7, 59, 2543
List the prime factors of 237612.
2, 3, 19801
List the prime factors of 440335.
5, 7, 23, 547
List the prime factors of 139556.
2, 139, 251
What are the prime factors of 1035262?
2, 431, 1201
List the prime factors of 897064.
2, 7, 83, 193
List the prime factors of 2964347.
2964347
List the prime factors of 16841289.
3, 5613763
What are the prime factors of 2058393?
3, 686131
List the prime factors of 130548.
2, 3, 11, 23, 43
What are the prime factors of 1475253?
3, 13, 467
What are the prime factors of 5443010?
2, 5, 29, 137
What are the prime factors of 501894?
2, 3, 27883
List the prime factors of 7483595.
5, 7, 29, 73, 101
What are the prime factors of 376439?
7, 53777
List the prime factors of 680607.
3, 47, 1609
List the prime factors of 23914145.
5, 4782829
List the prime factors of 26755875.
3, 5, 17, 1399
What are the prime factors of 102033?
3, 3779
What are the prime factors of 383802?
2, 3, 47, 1361
What are the prime factors of 61512?
2, 3, 11, 233
List the prime factors of 1884221.
1884221
What are the prime factors of 172514?
2, 86257
What are the prime factors of 90588?
2, 3, 7549
What are the prime factors of 7290770?
2, 5, 23, 31699
What are the prime factors of 746436?
2, 3, 17, 3659
List the prime factors of 1663926.
2, 3, 11, 17, 1483
List the prime factors of 432384.
2, 3, 563
List the prime factors of 1574169.
3, 19, 27617
List the prime factors of 361545.
3, 5, 24103
List the prime factors of 4765185.
3, 5, 17, 6229
List the prime factors of 172475.
5, 6899
What are the prime factors of 614007?
3, 22741
What are the prime factors of 17565482?
2, 11, 251, 3181
What are the prime factors of 19121204?
2, 163, 29327
List the prime factors of 421240.
2, 5, 10531
What are the prime factors of 179554?
2, 17, 5281
List the prime factors of 8841558.
2, 3, 11, 133963
What are the prime factors of 1168462?
2, 19, 97, 317
List the prime factors of 2827856.
2, 176741
List the prime factors of 3095361.
3, 114643
List the prime factors of 10558708.
2, 1367, 1931
What are the prime factors of 4314913?
4314913
What are the prime factors of 5116066?
2, 223, 11471
List the prime factors of 481781.
23, 20947
List the prime factors of 2890085.
5, 11, 17, 281
What are the prime factors of 20859143?
20859143
List the prime factors of 3473969.
107, 32467
List the prime factors of 11516990.
2, 5, 17, 37, 1831
List the prime factors of 369517.
59, 6263
What are the prime factors of 7440842?
2, 3720421
What are the prime factors of 764379?
3, 7, 11, 1103
What are the prime factors of 1111159?
7, 181, 877
List the prime factors of 2278596.
2, 3, 317, 599
List the prime factors of 10923483.
3, 587, 6203
What are the prime factors of 17512347?
3, 449, 13001
What are the prime factors of 5742542?
2, 13, 41, 5387
What are the prime factors of 316129?
11, 29, 991
List the prime factors of 349705.
5, 69941
What are the prime factors of 747529?
747529
What are the prime factors of 314716?
2, 19, 41, 101
What are the prime factors of 6099958?
2, 193, 15803
List the prime factors of 1756111.
7, 35839
List the prime factors of 21374078.
2, 11, 971549
List the prime factors of 7719117.
3, 7, 52511
What are the prime factors of 1407750?
2, 3, 5, 1877
List the prime factors of 2205862.
2, 19, 58049
List the prime factors of 363746.
2, 181873
List the prime factors of 14594899.
11, 120619
List the prime factors of 490021.
7, 70003
What are the prime factors of 2682366?
2, 3, 79, 5659
What are the prime factors of 508389?
3, 7, 43, 563
List the prime factors of 1683800.
2, 5, 8419
List the prime factors of 1525278.
2, 3, 254213
List the prime factors of 9413228.
2, 11, 349, 613
What are the prime factors of 6371466?
2, 3, 1061911
List the prime factors of 634030.
2, 5, 19, 47, 71
What are the prime factors of 1963612?
2, 7, 19, 3691
What are the prime factors of 1751948?
2, 11, 29, 1373
List the prime factors of 16803